- 12241?
-12300
In base 10, what is -21 - 837?
-858
In base 6, what is 3 - -5?
12
In base 8, what is -4274 + 4?
-4270
In base 2, what is -11011000 - 1011110?
-100110110
In base 2, what is 10111111 + 1100011?
100100010
In base 4, what is 11230 + -2?
11222
In base 7, what is -44 + -121?
-165
In base 9, what is -1 - -51?
50
In base 11, what is 44 + 10?
54
In base 10, what is -8 - 57?
-65
In base 14, what is -67b + 0?
-67b
In base 14, what is 48 - -5?
4d
In base 8, what is 4 + -61?
-55
In base 11, what is 61 + 4?
65
In base 6, what is 112 + -33?
35
In base 16, what is -3 + 161b?
1618
In base 4, what is 1031 - 2?
1023
In base 12, what is -782 - 3?
-785
In base 13, what is 50c - -1?
510
In base 4, what is 1 + 11313?
11320
In base 3, what is 101 - 11100?
-10222
In base 9, what is -653 + -4?
-657
In base 3, what is -1 + -12220?
-12221
In base 16, what is -45f - 3?
-462
In base 12, what is -4 + -b4?
-b8
In base 12, what is 46 + 2?
48
In base 4, what is 0 + 123?
123
In base 2, what is 100111 + 10001111?
10110110
In base 15, what is -1 + 4b?
4a
In base 3, what is 2011012 - -12?
2011101
In base 6, what is -4 + -1150?
-1154
In base 6, what is 2541 + -2?
2535
In base 2, what is -10 - -10111001?
10110111
In base 8, what is -3 - 46?
-51
In base 16, what is 5 + -c?
-7
In base 12, what is 25 + -29?
-4
In base 14, what is -21 + -4d?
-70
In base 3, what is -220 - -1010?
20
In base 13, what is -79a - 4?
-7a1
In base 15, what is 517 + 1?
518
In base 15, what is 2d5 - 3?
2d2
In base 11, what is -2 + -1236?
-1238
In base 16, what is 5 + 47d?
482
In base 5, what is 4134 - -2?
4141
In base 16, what is 13 - 9?
a
In base 8, what is 4 - 36?
-32
In base 4, what is 32 - -21200?
21232
In base 5, what is -1111 - 10?
-1121
In base 12, what is -21 + 11?
-10
In base 10, what is 9963 + -5?
9958
In base 12, what is 1 + 3a0?
3a1
In base 14, what is 4 + b66?
b6a
In base 8, what is 0 - 151?
-151
In base 12, what is -39 - 16b?
-1a8
In base 5, what is 0 + 140?
140
In base 7, what is -5 - -14434?
14426
In base 4, what is 313001 - -2?
313003
In base 4, what is -1131 - 101?
-1232
In base 14, what is -833 + 5?
-82c
In base 4, what is -232 - 21?
-313
In base 15, what is 1ec + -14?
1d8
In base 4, what is 13 + 100?
113
In base 4, what is 10 + 2123?
2133
In base 2, what is 10000100 + 101?
10001001
In base 11, what is -74 + -36?
-aa
In base 14, what is 64 - 5?
5d
In base 12, what is 201 - -4?
205
In base 14, what is -195 - -1?
-194
In base 7, what is -463 - -45?
-415
In base 14, what is -578 - -4?
-574
In base 3, what is 0 - 201001?
-201001
In base 5, what is -100 - -22?
-23
In base 16, what is 8 - d?
-5
In base 3, what is 10020 - 100?
2220
In base 8, what is 5 - -7?
14
In base 4, what is -1 - -1323003?
1323002
In base 9, what is -54 + -3?
-57
In base 4, what is -11 - -3323?
3312
In base 11, what is 32 + 111?
143
In base 5, what is -104023 + -4?
-104032
In base 14, what is 8 + -3?
5
In base 13, what is -4 + 162c?
1628
In base 15, what is -3 + 36d?
36a
In base 3, what is -202 + -12?
-221
In base 15, what is d74 - 3?
d71
In base 13, what is a + -156c?
-1562
In base 13, what is 2 + 8c?
91
In base 4, what is 20003 + 13?
20022
In base 3, what is 11 + 1101200?
1101211
In base 5, what is 104 + -4?
100
In base 7, what is -20 - -153?
133
In base 6, what is 11331 - 23?
11304
In base 7, what is 5 + 4433?
4441
In base 3, what is -2 - 10120?
-10122
In base 5, what is -4 - -2413?
2404
In base 15, what is 730a - 3?
7307
In base 4, what is 0 + 30012?
30012
In base 10, what is 4 - 28?
-24
In base 12, what is -4a - 3?
-51
In base 15, what is 3d63 + 0?
3d63
In base 9, what is 282 + 1?
283
In base 2, what is 10000 - -111010?
1001010
In base 10, what is 5 + -90?
-85
In base 2, what is -101 - -1000100?
111111
In base 4, what is -31230 + 3?
-31221
In base 4, what is -2 - 111?
-113
In base 12, what is 19 - -a8?
105
In base 16, what is 4 + 0?
4
In base 5, what is 1311 - -32?
1343
In base 9, what is 4 + 4172?
4176
In base 7, what is -15 - -5?
-10
In base 6, what is -2 + -111413?
-111415
In base 10, what is 418 + -29?
389
In base 12, what is 412 - 0?
412
In base 13, what is -5 - -32?
2a
In base 13, what is 4 + -6?
-2
In base 6, what is 5 + -11430?
-11421
In base 4, what is -3233 - 1?
-3300
In base 2, what is 111011 + 0?
111011
In base 6, what is -14121 - 0?
-14121
In base 8, what is -5640 + 1?
-5637
In base 2, what is -101 + -101001?
-101110
In base 3, what is -120122 + 11?
-120111
In base 15, what is -3 - 1e?
-22
In base 16, what is 1252 + 1?
1253
In base 2, what is -111101100 - 101?
-111110001
In base 4, what is -101133 + -3?
-101202
In base 9, what is 11027 + 5?
11033
In base 16, what is 18d8 - 1?
18d7
In base 6, what is 34 - 5?
25
In base 7, what is 1142 + -25?
1114
In base 16, what is 33 + 7e?
b1
In base 4, what is 211 - 1313?
-1102
In base 10, what is -6320 - -5?
-6315
In base 9, what is -3 + -23?
-26
In base 4, what is 103 + 2?
111
In base 4, what is -10 + 20000?
13330
In base 4, what is 22 + 23003?
23031
In base 2, what is 1 - 1100000?
-1011111
In base 10, what is -23 - -200?
177
In base 12, what is 4 - 1b1?
-1a9
In base 14, what is 6 + -2a?
-24
In base 10, what is -74 - 0?
-74
In base 14, what is -18 - -1d?
5
In base 15, what is -be3 + -2?
-be5
In base 13, what is 414 - 28?
3b9
In base 4, what is -3 + 202030?
202021
In base 16, what is -4 + 4a?
46
In base 2, what is 0 - -1111?
1111
In base 2, what is -10000011010001 + -101?
-10000011010110
In base 5, what is -42 + -101?
-143
In base 2, what is 111100 + -110?
110110
In base 13, what is -3 + -4?
-7
In base 3, what is -10 + 12220?
12210
In base 13, what is 7 - 290?
-286
In base 7, what is 246 + -1?
245
In base 12, what is 5 + 66?
6b
In base 13, what is -3 - -bc?
b9
In base 4, what is -1130310 - 2?
-1130312
In base 11, what is -139a - -1?
-1399
In base 14, what is 1 + -4a?
-49
In base 16, what is f + b?
1a
In base 10, what is 12 - 8?
4
In base 15, what is 4d3 - 4?
4ce
In base 14, what is -134 - -84?
-90
In base 10, what is 57 + -4?
53
In base 10, what is -11 + 70?
59
In base 12, what is 5 + -302?
-2b9
In base 9, what is -5 - 50?
-55
In base 9, what is 184 + 5?
200
In base 6, what is -510 - 10?
-520
In base 15, what is 11 + 5?
16
In base 5, what is -14 + -1112?
-1131
In base 5, what is 23 + -313?
-240
In base 11, what is -4 - 4?
-8
In base 13, what is 5 - -2675?
267a
In base 4, what is -100 + -1003?
-1103
In base 4, what is -13230 - -10?
-13220
In base 14, what is -19 + -1a?
-35
In base 14, what is 4 + 4d?
53
In base 13, what is 427 - -2?
429
In base 6, what is 4 + 442?
450
In base 14, what is -8 + 1b?
13
In base 5, what is -432 - 111?
-1043
In base 14, what is -5 - -590?
589
In base 15, what is -148a - 4?
-148e
In base 2, what is -1100011 - 0?
-1100011
In base 2, what is 1000001110 - 101?
1000001001
In base 13, what is 243 - -5?
248
In base 2, what is -1 + -100100000010?
-100100000011
In base 8, what is 62110 + -2?
62106
In base 2, what is -1000010011000 - 10?
-1000010011010
In base 9, what is -4324 + 1?
-4323
In base 5, what is 3 + 20223?
20231
In base 16, what is 44c - a?
442
In base 10, what is -5 + -84?
-89
In base 14, what is -6 + -a54?
-a5a
In base 14, what is 2 + 58?
5a
In base 13, what is -4b3 + -5?
-4b8
In base 3, what is 101211022 + 12?
101211111
In base 2, what is -100011 + 1100?
-10111
In base 2, what is -1010011001 - -11?
-1010010110
In base 11, what is -282 - 6?
-288
In base 12, what is -247 + -1?
-248
In base 13, what is -4 + -2b?
-32
In base 15, what is b + -9?
2
In base 16, what is 6 + 6?
c
In base 14, what is 1aa - -17?
1c3
In base 6, what is -100 + 12?
-44
In base 7, what is 3 + -346?
-343
In base 12, what is -97 - 14?
-ab
In base 13, what is -9a0 + -11?
-9b1
In base 14, what is -10 - 78?
-88
In base 2, what is 0 + -101101011100?
-101101011100
In base 12, what is -5 - 14b?
-154
In base 16, what is -15a + 3b?
-11f
In base 3, what is 2111 + 1?
2112
In base 12, what is -50 + -54?
-a4
In base 4, what is -22 - -30321?
30233
In base 11, what is -1 + -222?
-223
In base 8, what is -3 - 47?
-52
In base 5, what is -32404 - 0?
-32404
In base 4, what is -301 - -11?
-230
In base 11, what is -4 - -2?
-2
In base 9, what is -57 - 26?
-84
In base 11, what is -5 - -48?
43
In base 15, what is 28 + -e?
19
In base 11, what is -8 - 38?
-45
In base 4, what is -312 